)).
-29
Calculate -95 - -96 - (-5 + 31).
-25
Evaluate -6 - -2 - -2 - (2 + 8).
-12
2 - ((20 - 21 - -16) + 1 + -8)
-6
-3 + -1 + -1 + -6 + 9 + 1
-1
What is the value of (20 - 11 - 20) + -6?
-17
-15 - (-14 + -8) - 14
-7
What is the value of -7 + 11 + -2 + 4 + 4 + -1?
9
What is -7 + (-14 - (-5 - 8))?
-8
20 + 5 + -24 - (0 - (6 + -10))
-3
What is -11 + 37 - (8 - -6)?
12
What is the value of 328 + -297 - (-3 + 3 + 4)?
27
Calculate 32 + -41 + (0 - -2 - -7).
0
Calculate -18 + 4 + (12 - 8) + 23.
13
(1 - 9 - (207 + -209)) + 37
31
What is the value of -4 + (10 - (26 + -10)) + 1?
-9
Evaluate 22 + -10 + 10 - 10.
12
What is 32 + -21 - 7 - -14?
18
What is the value of (-1 - 0 - 11 - -8) + -3?
-7
What is the value of (0 - (-10 + 5)) + 4?
9
18 + (-12 + 3 - -16) + -20
5
What is the value of -16 + (9 - -10) + -3?
0
What is the value of -10 + (0 + -3 - 2) + -4 + 5?
-14
What is the value of 3 - (-2 + -1 + 9 + -13)?
10
What is (-4 - (-1 - 5 - 2 - 1)) + 18?
23
Calculate 48 + -54 + (-3 - 2) + 4 + 25.
18
(9 - -1) + (339 - 343) + (1 - 13)
-6
Calculate 5 + (-11 - (-12 - -13) - 0).
-7
1 + -35 + 6 + 18
-10
-7 + (13 - 18 - 4) + -1 + 4
-13
What is the value of 35 - (4 + 40) - (0 + 15)?
-24
What is (-20 - -24) + (1 - 5) - -1 - 7?
-6
What is -2 + -1 + (-8 + (6 - 3) - -12)?
4
Evaluate (-6 - 18) + (3 - -13 - 8).
-16
Calculate -17 + -25 - -3 - -29.
-10
0 + -10 + (5 - (-16 + 27))
-16
38 + (46 + -40 - 24)
20
What is (244 - 229) + -20 + 0?
-5
Evaluate 15 - -3 - ((-1 - 2) + 11).
10
Evaluate (3 + -8 + 7 - (7 - 2)) + 24.
21
Evaluate -2 + (9 - 7) + -16 + 0.
-16
Calculate -24 + 0 + 27 + -33 + 9.
-21
Calculate 92 - 95 - (-1 + (2 - (1 - 10))).
-13
-162 - -126 - (-72 + 6)
30
What is the value of (2 - 10) + 18 + -3 + -11 + 1?
-3
What is 11 - (21 + -6 - -6)?
-10
What is the value of -1 - (1 - 10) - (-68 - -64)?
12
What is -22 + 10 + (17 - 17)?
-12
What is -16 + -14 + 25 + 1 + -7?
-11
What is -10 - -3 - -1 - 22 - -3?
-25
Evaluate -4 + 2 + -6 + (-36 - (-20 - 9)).
-15
Calculate 14 + -10 - (2 + -11).
13
Calculate (-3 + 9 + -4 - 8) + 25 + -6.
13
What is the value of -3 + (-5 - 9) - -26?
9
Evaluate (-15 - (-41 - -1)) + -13.
12
What is (5 - (7 + -6)) + 0 + -4?
0
0 - (-5 + 27 - (-1 + 11))
-12
What is 15 - (18 + -43) - 23?
17
Calculate 5 + (6 + 1 - (-25 - -18 - -10)).
9
-2 + (-4 + -6 - (4 + -14))
-2
What is (13 - 21) + 8 - (-3 - -18)?
-15
Calculate 33 + -23 - (12 - 14).
12
What is the value of (2 - 9) + 6 + 7 + 2?
8
3 - (-4 - (-4 - 5)) - -6
4
What is the value of (-14 - (9 + -17)) + (-1 - (-1 - 9))?
3
What is the value of (-1 - (-11 - -3 - 1)) + 6?
14
-13 - ((-4 - (0 + -5)) + -3 - 5)
-6
1 - (6 - ((10 + -3 - 10) + 10))
2
-13 + 44 + (4 - 59)
-24
Calculate -20 + 27 + -16 - -30.
21
What is the value of -60 - -55 - (-3 - ((3 - 3) + 2))?
0
(-4 - -9) + 12 + (-3 - 5) + 6
15
What is -32 + 21 - (-5 + (7 - 4))?
-9
What is -4 - ((4 - (4 + (-5 - -8))) + -3)?
2
What is 20 + (-13 - 2) + -21?
-16
Calculate 1 + (-30 + 52 - 25).
-2
What is (-9 - (14 + -2)) + 12 + 7?
-2
What is 24 - (-20 + 39) - (-1 - 4) - 1?
9
Evaluate -5 + 9 + -3 + 7 - -3.
11
Evaluate 1 + -3 + 1 - (4 + -14 + 2).
7
Evaluate 0 + (-25 - 2) + -23 + 0 + 26.
-24
Calculate -62 - -11 - -86 - (0 + 6).
29
What is the value of -4 + -3 - (77 + -77)?
-7
What is the value of -2 + 8 + 3 + 0 - 11?
-2
What is -653 + 650 + (11 - -1)?
9
What is the value of -36 - (-30 + (25 - 25))?
-6
What is -18 - (-5 + 21 - 37)?
3
Evaluate 2 - (8 + 7 + -6 - 8 - -1).
0
(-13 - -3) + (-8 + 14 - (-3 - 2))
1
What is 54 + (15 - 51) + (0 - -14)?
32
Calculate 138 + -101 - (-6 - -25).
18
What is -2 - (-65 + 56 - (25 - (1 + -1)))?
32
What is -4 + (1 + -12 - -16) + 1?
2
Calculate -1 + (5 - (-27 + -2 + 15)).
18
Calculate 20 - (5 + (-3 - -4)) - 6.
8
6 + (5 - 3) + (30 - 26) + -10
2
Evaluate 1 + -7 - (-126 - -114).
6
What is (-157 - -149) + (1 - 3 - -21)?
11
Evaluate -379 - -356 - (1 - 36).
12
Calculate (-11 - -3) + (-4 + 10 - 2 - 6).
-10
Evaluate -6 + 7 - (19 + -8).
-10
8 + -34 - -23 - -9
6
What is the value of (-4 - (2 - (-10 - 0))) + 11?
-5
What is the value of 7 - (1 - (9 - 6))?
9
Evaluate 7 - -8 - (-41 - -63).
-7
What is the value of (0 + 2 - -7) + (-16 - (-12 - 4))?
9
Evaluate -6 + -11 + (11 - 4) + 4 + -8.
-14
What is the value of 4 + (0 - (-9 + (6 - 0) - 0))?
7
What is the value of (-24 - -1) + (-11 - (-28 - (-19 - -9)))?
-16
What is 52 - 64 - (-7 - -9 - (-1 - -6))?
-9
0 - (-5 + -2 + 0) - 17
-10
What is 45 + 2 + 898 + -936?
9
Evaluate 33 - (10 + 3 - 0 - (3 - 2)).
21
What is -57 + 57 - (-20 - (3 + 0 - 1))?
22
Evaluate (-1 - -11) + (-30 - -25) - -4.
9
Evaluate -4 + (-5 + 5 - 12).
-16
Evaluate (269 - 262) + -19 + 1 + 1.
-10
What is the value of 0 - 4 - (0 + (-3 - (4 + 2)))?
5
Calculate 12 - (4 + -14 + 21 + 11).
-10
(13 - -4) + 61 + -68
10
Evaluate 0 - (-8 - 0) - (15 - (20 + -5)).
8
Evaluate 13 - (22 - 6 - 12).
9
What is (16 - 0) + 1 + (173 - 180)?
10
Calculate 0 + 1 + 9 + -8 - (23 - 28).
7
What is -15 + 21 - (30 + 15)?
-39
Evaluate (-15 + 22 - -18) + -16.
9
Evaluate (-1 - 9) + -2 + 7 + 2 + -16.
-19
What is the value of -8 - (-5 - ((5 - -1 - 11) + -4))?
-12
-5 + (-5 - (-5 - 4)) - (9 - -2)
-12
Calculate -6 + -3 + 2 + 12.
5
What is the value of (19 - (-7 - -2)) + -1 + -7?
16
What is the value of (1128 - 1127) + 0 + -1 + -8?
-8
Evaluate (-27 - (13 - 33)) + -2 + 17 + 3.
11
Calculate (3 - -2) + -11 + -2 + 27 + -1.
18
What is the value of 1 + (-10 - 9) + 19?
1
Evaluate 3 + -1 + -4 + (-2 - -5) + -7.
-6
What is 17 + 2 - (108 - 110)?
21
Evaluate (4 - 10 - (2 + -3)) + 2.
-3
Calculate 2 + 23 + (-14 - 21) + 8 + 2.
0
What is -11 - (4 + 20 - 20)?
-15
Evaluate (0 - -8 - -2) + (8 - (-21 + 30)).
9
7 + -25 + (3 - (-6 - 2))
-7
0 - -1 - (-63 + 75)
-11
What is the value of 1 - (-21 - -14) - (-2 - -2)?
8
What is (1 - (-1 - 5)) + -16 - (0 + 4)?
-13
Calculate 3 + -22 + (-33 + 15 - -26).
-11
What is the value of -10 - -7 - (-5 + -4 + 1) - 5?
0
What is the value of (-1 + -4 - 4) + 8 + -11?
-12
Evaluate 6 + 3 + 1 + (-43 - -37) + -21.
-17
27 - (13 + (-14 - -29))
-1
What is the value of -3 - ((5 - 9) + 15 + -6) - 12?
-20
-4 - (19 + 8 - 39)
8
What is the value of 29 + 5 + (-15 - -1) - 5?
15
What is 22 + -26 - (1 + -3) - (9 + -1)?
-10
Evaluate -2 + -28 - (-235 + 217).
-12
17 + 20 + -53 + -7
-23
Calculate -250 - -249 - ((-3 - 2) + -30).
34
(-3 - (3 + -5)) + (17 - 24)
-8
Calculate 0 + 14 + (-1 + -1 - (25 - 26)).
13
Calculate -38 + -4 - (55 + -71).
-26
What is -6 + 12 + -15 - (26 + -15)?
-20
Calculate 4 - 1 - (-6 + -16 + 13).
12
What is -15 + 1 - ((2 - 2) + -2)?
-12
Evaluate 1 + 4 - (11 + 2) - -20.
12
(4 - -2 - -3 - 6) + -1
2
What is the value of 0 - (24 + -31 + 4)?
3
Evaluate -9 + -10 + 10 - 5.
-14
Calculate 0 - (5 - -16) - (1 - 2).
-20
Evaluate 6 - (17 + -5) - -23.
17
2 + 0 + 10 - ((5 - 14) + 16)
5
What is the value of 19 + -5 - (-21 - -25)?
10
-6 + 2 - ((-1 - -2) + -82 + 75)
2
What is (-6 + 8 - 8) + -2 - (0 + -19)?
11
Evaluate 7 + (77 - 33 - 28).
23
Calculate 14 + (-13 - (7 + -2)).
-4
What is the value of 13 + (6 - 15) + -3 + -3?
-2
What is 5 + -1 + (-1 - 5 - (-248 + 245))?
1
What is (-14 - (15 + -29)) + -17?
-17
Evaluate -6 + -70 + 65 + (4 + -14 - 0).
-21
What is the value of 4 - (-43 + 37 - (0 + 0 - 22))?
-12
Calculate -1 + -8 + 5 + 8 + -7.
-3
Evaluate (-104 - -123) + (-2 - 30).
-13
What is -4 + -24 + -5 + 14 + 22?
3
Calculate (67 - 31) + (-7 - 11) + 4.
22
What is (15 - (-18 - -43)) + 13 - (-1 - -1)?
3
-1 + 9 + -32 + 11
-13
Calculate (-5 - 16 - 14) + 16 - -8.
-11
What is 5 + (-6 - (1 + 12)) + -3?
-17
Evaluate 3 + 3 + -12 + 2 + 6 + 5.
7
Calculate 27 + -2 + (45 + -19 - 34).
17
Evaluate -21 + (-1 - -16) - 4.
-10
Evaluate (-1 - (0 - -1)) + (9 - (-19 + 29)).
-3
What is 10 + (42 + 1 - (-571 + 591))?
33
Calculate 57 + -19 + -13 + 2.
27
-21 + (7 - (12 + -22))
-4
Evaluate (-6 - -16 - 16) + (-20 - (1 - 4)).
-23
What is the value of 32 - (-14 + -6 + 30)?
22
Evaluate -10 + 3 - (64 + -61).
-10
Calculate -7 - (-22 - ((-8 - -10) + -8)).
9
Calculate 7 + -1 + 31 + (-21 - 5) + 16.
27
(1 - -6) + -2 - 2
3
What is the value of 1 - 14 - (-43 - -42)?
-12
What is (4 - (16 - 7)) + 4 + 0?
-1
Evaluate (-7 - (-5 - 7)) + -15 + 1.
-9
Calculate -3 - 4 - 1 - (4 - (-8 + 7)).
-13
What is (-10 - (-11 + -11)) + -11?
1
2 + (-17 - 4) + -2 + -10
-31
(-91 - -112) + (-3 - 2)
16
Evaluate -12 - ((-1 - -3) + (-8 - 1) - -5).
-10
What is (-226 - -227) + -1 + 6 + -3 